est common factor of p and 228?
114
Suppose -506 - 16 = -18*f. Let a be 1/(-2) - 36/(-8). Suppose 0*l + a*l - 1276 = 0. Calculate the highest common factor of l and f.
29
Let t be ((-1)/(-2))/((-4)/(-48)). Suppose 137 = t*k - 13. Calculate the greatest common divisor of k and 5.
5
Let j(b) = 7*b + 183. Let v be j(-20). Calculate the highest common divisor of 387 and v.
43
Suppose n = w + 11, -w - 2 - 45 = -5*n. Suppose -81 - 603 = -n*b. What is the highest common divisor of 19 and b?
19
Let k be (-411 - 27)*5/(-3) - -5. What is the greatest common divisor of 70 and k?
35
Suppose -171*l + 181*l - 440 = 0. What is the highest common factor of l and 1188?
44
Let l be 1*(3 - 2)*3. Let h(i) = -i**2 + 6*i + 4. Let x = -7 - -12. Let a be h(x). What is the greatest common factor of l and a?
3
Let z = 15 + -91. Let p = -34 - z. Calculate the highest common divisor of 12 and p.
6
Let x be (-13)/(-52) + (-5)/4. Let s be 0 - (x - (-76)/(-2)). Let a = -19 + s. Calculate the highest common factor of a and 40.
20
Let d(v) = 45*v**2 + 5*v. Let a be d(-2). Let k = -86 + a. What is the highest common factor of 12 and k?
12
Suppose 11*n - 113 = 41. What is the highest common factor of 70 and n?
14
Suppose 26*c - 21912 = 2*c. Calculate the greatest common factor of 11 and c.
11
Let g be ((-17)/17)/((-1)/74). Calculate the highest common divisor of 74 and g.
74
Let d be 5*(-3 + 29/5). Let p be 78/18 + (-2)/6 + 0. Suppose 0 = -0*j + p*j + 12, -4*j + 30 = 3*r. What is the greatest common divisor of d and r?
14
Let p be 27*-4*1*1/(-2). What is the highest common factor of p and 45?
9
Let u be 5/(-30) + (-78)/(-36). What is the greatest common divisor of 98 and u?
2
Let n(i) = -i**2 - i + 325. Let t = 12 + -12. Let g be n(t). Suppose 8*a = 3*a + g. What is the highest common factor of 26 and a?
13
Let c be 444/84 + 4/(-14). Suppose -5*r + 2235 = -4*j, -r - c*j + 226 + 250 = 0. Calculate the greatest common divisor of 41 and r.
41
Suppose 6*k + 64 = q + 8*k, 3*q - 172 = -k. Calculate the highest common factor of q and 728.
56
Let n = -31 - -59. Suppose 111 = -d + 3*z, -4*d - 134 = 3*z + 235. Let t = -82 - d. Calculate the highest common factor of n and t.
14
Let x be 6/(-18)*2 + (-149)/(-3). What is the highest common factor of x and 21?
7
Suppose j = -4, -3*w + 3*j + 2*j + 218 = 0. What is the highest common divisor of 363 and w?
33
Suppose -7*u + 12*u + 4*x - 344 = 0, -5*x = -3*u + 199. Calculate the greatest common factor of u and 323.
17
Let h be 1/(3*1/12). Let n be (4/(-3))/(8/(-156)). Let v = n - -10. Calculate the greatest common divisor of h and v.
4
Let l(m) = -2*m**2 + 56*m + 1963. Let t be l(-20). Let x(g) = -g**2 - g + 344. Let p be x(0). Calculate the highest common factor of p and t.
43
Let r(j) = 7*j + 8. Let u be r(7). What is the highest common divisor of u and 12?
3
Let l be 56*(-3 - (-6 - -2)). Suppose -5 = 5*b - 40. Calculate the greatest common factor of b and l.
7
Suppose g + 34*g - 2380 = 0. Calculate the greatest common factor of g and 238.
34
Let n(o) = 5*o**2 - 159*o + 11. Let p be n(34). Calculate the greatest common factor of p and 350.
35
Let q = 69 - 50. Calculate the greatest common divisor of 437 and q.
19
Let m be 48/(7 - 4) + 0. Let f be m/40 + 283/5. Calculate the greatest common divisor of 19 and f.
19
Suppose -f - 2 = -5. Suppose 4 = t + f*t. Let h be 1 + (1 + t - 1). What is the greatest common divisor of 18 and h?
2
Let r be (-24)/(-14)*154/2. Suppose 2*h - 18 = -2*n, -5*h - 49 = -3*n + 2. What is the highest common divisor of n and r?
12
Suppose 0 = 24*w - 29*w + 10. Let c(t) = 3*t**2 - 2*t**w + 2*t + 9 + 0*t**2. Let o be c(-6). Calculate the greatest common divisor of 3 and o.
3
Suppose 6*x + 0*x + 2*x = 0. Suppose s - 196 - 12 = -w, x = 5*w + s - 1036. Suppose 1 + 45 = 2*n. What is the highest common factor of w and n?
23
Let d be (2 + 7/(-2))/((-6)/(-8)). Let f be d - (-11)/(44/48). What is the greatest common factor of 1 and f?
1
Let k(u) = 4*u**2 + 4*u - 3. Let f be k(3). Let q(w) = w**3 - 4*w**2 - 7*w + 35. Let x be q(3). What is the highest common factor of f and x?
5
Let r = 236 + 64. Calculate the highest common divisor of r and 420.
60
Let l(v) = -v + 10. Let b be l(8). Calculate the greatest common divisor of b and 6.
2
Let g(a) = a**2 - 22*a + 78. Let q be g(18). Calculate the highest common divisor of 27 and q.
3
Let p = -518 - -605. What is the highest common factor of 464 and p?
29
Let i be 4/10 - (-146)/10. Calculate the highest common divisor of 10 and i.
5
Suppose 0 = -3*x - x + 2*i + 22, -x + i + 7 = 0. Suppose 2*o - 11 - 73 = -2*a, -2*a + 72 = -x*o. Calculate the highest common factor of 8 and a.
8
Let n(c) = c**3 - 5*c**2 + 5*c - 23. Let g be n(7). Calculate the greatest common divisor of g and 66.
22
Let o = 249 - 228. What is the highest common factor of o and 14?
7
Suppose 0 = 17*l - 20*l + 90. Suppose -k + 2*k = l. Calculate the highest common divisor of 120 and k.
30
Suppose -2*q - 3*h = -11 + 13, 5*q + 2*h = 17. What is the greatest common divisor of 10 and q?
5
Let p = 58 - -236. Let l = 59 - 17. What is the greatest common factor of l and p?
42
Let v(t) = t**3 - 8*t**2 + 6*t + 5. Let l be v(7). Let q = 4 - l. Let m be ((-26)/q - -3)*-6. What is the greatest common divisor of 8 and m?
8
Suppose -10 = -5*z + 10. Suppose -2*w + z*w = 330. Let v(k) = -k**3 - 4*k**2 - 3*k + 3. Let q be v(-4). Calculate the highest common divisor of w and q.
15
Let y = 87 + 143. Calculate the highest common divisor of 10 and y.
10
Let t be 14/3*648/84. Let p(q) = -5*q - 1. Let f be p(-2). Calculate the highest common factor of t and f.
9
Let i(o) = o**3 + 5*o**2 - 24*o + 9. Let s be i(-8). Calculate the highest common factor of s and 108.
9
Suppose 3*s = 6, u = 3*u - 2*s - 44. Let o be (-9*(-10)/90)/((-1)/(-12)). Calculate the highest common divisor of o and u.
12
Let p be ((-4)/2)/((-5)/35). Let k = p + -12. Suppose 4*q - 395 = -2*x - 91, -k*x = -q - 324. What is the greatest common factor of 16 and x?
16
Suppose 0*t = -t, 5*o + 365 = -3*t. Let h = 147 - o. What is the highest common divisor of h and 88?
44
Suppose 19*s - 717 = 195. Calculate the greatest common divisor of 456 and s.
24
Suppose -30*k + 25 = q - 35*k, -q = -2*k - 40. Calculate the greatest common divisor of q and 1900.
50
Let c(d) = d**2 + 5*d - 9. Let q be c(2). Suppose 0 = -q*h + 2*k + 2*k + 1384, 3*k - 1101 = -4*h. What is the highest common factor of 12 and h?
12
Let i(d) = 4*d**2 - 93*d + 45. Let c be i(24). What is the greatest common factor of c and 39?
39
Let u = -562 + 574. What is the greatest common factor of u and 444?
12
Let w(t) = -t**3 + 6*t**2 + 2*t. Let i be w(6). Let j be 2 + -107 + (1 - 2). Let p be j/(-6) - 2/(-6). Calculate the greatest common factor of i and p.
6
Suppose -8*q = -95 - 9. Calculate the highest common factor of q and 221.
13
Let z = 34 - 19. Let y(m) = m**3 + 8*m**2 + 10*m - 6. Let v be y(-6). Calculate the highest common divisor of z and v.
3
Let q be (-29)/(-2) + 5/(-10). Suppose 17 = w + 3*t - 1, 0 = 3*w - t - 34. Suppose -8*g + 4 + w = 0. What is the highest common divisor of g and q?
2
Let s(z) = z - 22. Let y be s(22). Suppose -h = 2*m - 3*m + 10, y = 2*m - h - 21. What is the greatest common factor of m and 1?
1
Let c = -1 - -4. Suppose -2 = -3*q + g, 0 = 2*q - c*q + 2*g + 9. Let j be 1 + q + (-48)/(-4). What is the greatest common divisor of j and 108?
12
Suppose 0 = 16*j - 18*j + 120. Calculate the highest common divisor of j and 660.
60
Let y = 49 + -44. Let h be y*(2 + -4)/(-2). Calculate the highest common divisor of h and 55.
5
Let m(j) = 7*j**2 - 7*j - 5. Let s be m(3). Calculate the greatest common factor of s and 37.
37
Let i(u) = u + 26. Let c be i(13). Let g = c - 21. What is the greatest common factor of g and 45?
9
Suppose 5*b = -1341 + 3341. Suppose -3*p = 2*p - b. Suppose d - 1 = 3*s, -2*d + 20 = 2*s - 6. What is the greatest common divisor of p and d?
10
Suppose 0 = -5*x + 2*d + 24, d + 4 = 2. Let g be 136/10 - -3*x/30. Calculate the greatest common divisor of g and 126.
14
Let g(q) = -q**3 + 16*q**2 - 46*q + 5. Let d be g(11). What is the highest common factor of d and 39?
13
Suppose -8*n - 87 = -327. What is the highest common divisor of 1620 and n?
30
Let p(q) = -6*q + 20. Let b be p(13). L